{"id":561,"date":"2018-03-02T08:12:45","date_gmt":"2018-03-02T06:12:45","guid":{"rendered":"https:\/\/www.josepcullere.net\/?page_id=561"},"modified":"2024-03-27T16:45:00","modified_gmt":"2024-03-27T14:45:00","slug":"acerca-de","status":"publish","type":"page","link":"https:\/\/www.josepcullere.net\/es\/acerca-de\/","title":{"rendered":"Acerca de"},"content":{"rendered":"<div class=\"wpb-content-wrapper\"><p>[vc_row css_animation=\u00bb\u00bb row_type=\u00bbrow\u00bb use_row_as_full_screen_section=\u00bbno\u00bb type=\u00bbgrid\u00bb angled_section=\u00bbno\u00bb text_align=\u00bbleft\u00bb background_image_as_pattern=\u00bbwithout_pattern\u00bb z_index=\u00bb\u00bb][vc_column][vc_column_text]<a href=\"\/\">HOME<\/a> \/ ABOUT[\/vc_column_text][\/vc_column][\/vc_row][vc_row css_animation=\u00bb\u00bb row_type=\u00bbrow\u00bb use_row_as_full_screen_section=\u00bbno\u00bb type=\u00bbgrid\u00bb angled_section=\u00bbno\u00bb text_align=\u00bbleft\u00bb background_image_as_pattern=\u00bbwithout_pattern\u00bb z_index=\u00bb\u00bb padding_top=\u00bb75&#8243; padding_bottom=\u00bb75&#8243; anchor=\u00bbinici\u00bb][vc_column width=\u00bb2\/5&#8243;][vc_single_image image=\u00bb156&#8243; img_size=\u00bbfull\u00bb qode_css_animation=\u00bb\u00bb][vc_empty_space height=\u00bb50&#8243;][\/vc_column][vc_column width=\u00bb2\/5&#8243; css=\u00bb.vc_custom_1706609701810{padding-left: 25px !important;}\u00bb][vc_column_text]<\/p>\n<h1>Josep Culler\u00e9<\/h1>\n<p>[\/vc_column_text][vc_separator type=\u00bbnormal\u00bb color=\u00bb#000000&#8243; thickness=\u00bb1&#8243;][vc_column_text]<\/p>\n<h2>Editor y postproducci\u00f3n de video, compositor de VFX, Motion Graphics, supervisor de DIT y VFX, cinematograf\u00eda Timelapse, mezclador de sonido.<\/h2>\n<p>[\/vc_column_text][vc_empty_space height=\u00bb50&#8243;][vc_column_text]Soy un t\u00e9cnico\/artista audiovisual freelance trabajando en varios medios desde 2002, desde largometrajes hasta series de internet. Ubicado en Catalunya, entre Lleida y Barcelona, \u200b\u200bofrezco mis servicios tanto para producciones nacionales como internacionales.<\/p>\n<p>&nbsp;<\/p>\n<p>Especializado en postproducci\u00f3n de video digital como editor\/compositor y motion graphics, tambi\u00e9n trabajo en diversos aspectos de la producci\u00f3n audiovisual como director creativo, coordinador de postproducci\u00f3n, supervisor de VFX, DIT, sonidista, cinematograf\u00eda timelapse y consultor\u00eda audiovisual.<\/p>\n<p>&nbsp;<\/p>\n<p>Mi inter\u00e9s principal es adquirir conocimientos en todo lo relacionado con la creaci\u00f3n audiovisual y sus procesos creativos y t\u00e9cnicos, estableciendo as\u00ed una s\u00f3lida base para participar en nuevos y emocionantes proyectos[\/vc_column_text][vc_empty_space height=\u00bb25&#8243;]<a  itemprop=\"url\" href=\"\/es\/contacto\/\" target=\"_self\"  class=\"qbutton  default\" style=\"\">CONT\u00c1CTAME<\/a>[\/vc_column][vc_column width=\u00bb1\/5&#8243;][\/vc_column][\/vc_row]<\/p>\n<\/div>","protected":false},"excerpt":{"rendered":"<p>[vc_row css_animation=\u00bb\u00bb row_type=\u00bbrow\u00bb use_row_as_full_screen_section=\u00bbno\u00bb type=\u00bbgrid\u00bb angled_section=\u00bbno\u00bb text_align=\u00bbleft\u00bb background_image_as_pattern=\u00bbwithout_pattern\u00bb z_index=\u00bb\u00bb][vc_column][vc_column_text]HOME \/ ABOUT[\/vc_column_text][\/vc_column][\/vc_row][vc_row css_animation=\u00bb\u00bb row_type=\u00bbrow\u00bb use_row_as_full_screen_section=\u00bbno\u00bb type=\u00bbgrid\u00bb angled_section=\u00bbno\u00bb text_align=\u00bbleft\u00bb background_image_as_pattern=\u00bbwithout_pattern\u00bb z_index=\u00bb\u00bb padding_top=\u00bb75&#8243; padding_bottom=\u00bb75&#8243; anchor=\u00bbinici\u00bb][vc_column width=\u00bb2\/5&#8243;][vc_single_image image=\u00bb156&#8243; img_size=\u00bbfull\u00bb qode_css_animation=\u00bb\u00bb][vc_empty_space height=\u00bb50&#8243;][\/vc_column][vc_column width=\u00bb2\/5&#8243; css=\u00bb.vc_custom_1706609701810{padding-left: 25px !important;}\u00bb][vc_column_text] Josep Culler\u00e9 [\/vc_column_text][vc_separator type=\u00bbnormal\u00bb color=\u00bb#000000&#8243; thickness=\u00bb1&#8243;][vc_column_text] Editor y postproducci\u00f3n de video, compositor de VFX,&hellip; <a class=\"continue\" href=\"https:\/\/www.josepcullere.net\/es\/acerca-de\/\">CONTINUAR >>><span> Acerca de<\/span><\/a><\/p>\n","protected":false},"author":1,"featured_media":0,"parent":0,"menu_order":0,"comment_status":"closed","ping_status":"closed","template":"full_width.php","meta":{"footnotes":""},"class_list":["post-561","page","type-page","status-publish","hentry"],"_links":{"self":[{"href":"https:\/\/www.josepcullere.net\/es\/wp-json\/wp\/v2\/pages\/561","targetHints":{"allow":["GET"]}}],"collection":[{"href":"https:\/\/www.josepcullere.net\/es\/wp-json\/wp\/v2\/pages"}],"about":[{"href":"https:\/\/www.josepcullere.net\/es\/wp-json\/wp\/v2\/types\/page"}],"author":[{"embeddable":true,"href":"https:\/\/www.josepcullere.net\/es\/wp-json\/wp\/v2\/users\/1"}],"replies":[{"embeddable":true,"href":"https:\/\/www.josepcullere.net\/es\/wp-json\/wp\/v2\/comments?post=561"}],"version-history":[{"count":4,"href":"https:\/\/www.josepcullere.net\/es\/wp-json\/wp\/v2\/pages\/561\/revisions"}],"predecessor-version":[{"id":685,"href":"https:\/\/www.josepcullere.net\/es\/wp-json\/wp\/v2\/pages\/561\/revisions\/685"}],"wp:attachment":[{"href":"https:\/\/www.josepcullere.net\/es\/wp-json\/wp\/v2\/media?parent=561"}],"curies":[{"name":"wp","href":"https:\/\/api.w.org\/{rel}","templated":true}]}}

<div class="wpb-content-wrapper"><p>[vc_row css_animation=»» row_type=»row» use_row_as_full_screen_section=»no» type=»grid» angled_section=»no» text_align=»left» background_image_as_pattern=»without_pattern» z_index=»»][vc_column][vc_column_text]<a href="/">HOME</a> / ABOUT[/vc_column_text][/vc_column][/vc_row][vc_row css_animation=»» row_type=»row» use_row_as_full_screen_section=»no» type=»grid» angled_section=»no» text_align=»left» background_image_as_pattern=»without_pattern» z_index=»» padding_top=»75&#8243; padding_bottom=»75&#8243; anchor=»inici»][vc_column width=»2/5&#8243;][vc_single_image image=»156&#8243; img_size=»full» qode_css_animation=»»][vc_empty_space height=»50&#8243;][/vc_column][vc_column width=»2/5&#8243; css=».vc_custom_1706609701810{padding-left: 25px !important;}»][vc_column_text]</p>
<h1>Josep Culleré</h1>
<p>[/vc_column_text][vc_separator type=»normal» color=»#000000&#8243; thickness=»1&#8243;][vc_column_text]</p>
<h2>Editor y postproducción de video, compositor de VFX, Motion Graphics, supervisor de DIT y VFX, cinematografía Timelapse, mezclador de sonido.</h2>
<p>[/vc_column_text][vc_empty_space height=»50&#8243;][vc_column_text]Soy un técnico/artista audiovisual freelance trabajando en varios medios desde 2002, desde largometrajes hasta series de internet. Ubicado en Catalunya, entre Lleida y Barcelona, ​​ofrezco mis servicios tanto para producciones nacionales como internacionales.</p>
<p>&nbsp;</p>
<p>Especializado en postproducción de video digital como editor/compositor y motion graphics, también trabajo en diversos aspectos de la producción audiovisual como director creativo, coordinador de postproducción, supervisor de VFX, DIT, sonidista, cinematografía timelapse y consultoría audiovisual.</p>
<p>&nbsp;</p>
<p>Mi interés principal es adquirir conocimientos en todo lo relacionado con la creación audiovisual y sus procesos creativos y técnicos, estableciendo así una sólida base para participar en nuevos y emocionantes proyectos[/vc_column_text][vc_empty_space height=»25&#8243;]<a  itemprop="url" href="/es/contacto/" target="_self"  class="qbutton  default" style="">CONTÁCTAME</a>[/vc_column][vc_column width=»1/5&#8243;][/vc_column][/vc_row]</p>
</div>

<p>[vc_row css_animation=»» row_type=»row» use_row_as_full_screen_section=»no» type=»grid» angled_section=»no» text_align=»left» background_image_as_pattern=»without_pattern» z_index=»»][vc_column][vc_column_text]HOME / ABOUT[/vc_column_text][/vc_column][/vc_row][vc_row css_animation=»» row_type=»row» use_row_as_full_screen_section=»no» type=»grid» angled_section=»no» text_align=»left» background_image_as_pattern=»without_pattern» z_index=»» padding_top=»75&#8243; padding_bottom=»75&#8243; anchor=»inici»][vc_column width=»2/5&#8243;][vc_single_image image=»156&#8243; img_size=»full» qode_css_animation=»»][vc_empty_space height=»50&#8243;][/vc_column][vc_column width=»2/5&#8243; css=».vc_custom_1706609701810{padding-left: 25px !important;}»][vc_column_text] Josep Culleré [/vc_column_text][vc_separator type=»normal» color=»#000000&#8243; thickness=»1&#8243;][vc_column_text] Editor y postproducción de video, compositor de VFX,&hellip; <a class="continue" href="https://www.josepcullere.net/es/acerca-de/">CONTINUAR >>><span> Acerca de</span></a></p>
